**4/4 + 4*j**3/3 - 2*j**2 - 6*j - 244. Let f be 1/(-1) - 0 - -4. Suppose f*h = -11 - 1. Give x(h).
10
Let t(z) be the first derivative of -1 + 2*z**2 + 4*z - 1/3*z**3. What is t(5)?
-1
Let b(y) = -y**2 + 12*y + 10. Let z be b(13). Let v(t) = -t**3 - 3*t**2 + 3*t + 4. What is v(z)?
-5
Let r be -3 - -2 - -4 - -1. Suppose -i = -r*k - 4, -5*k + 3*i + 2 + 0 = 0. Let o(x) = 4*x + 3. Let v(d) = 5*d + 4. Let m(s) = -7*o(s) + 6*v(s). Determine m(k).
-1
Let q(w) = 3*w + 0 - 2 - w. Let y(r) = 3*r - 5. Let p be y(1). What is q(p)?
-6
Suppose z = -5*z + 24. Let a(s) be the third derivative of -s**6/120 + s**5/20 + s**4/6 - 5*s**3/6 - s**2. What is a(z)?
-5
Let b = 20 + -14. Suppose -b = -5*d + 2*d. Let w(x) = 2*x**2 + 2*x**2 - 8*x**d + 1. What is w(1)?
-3
Let y(u) be the third derivative of -u**9/60480 - u**8/4032 - u**7/2520 + u**6/180 - u**5/30 - u**2. Let i(n) be the third derivative of y(n). Give i(-3).
-8
Let b(t) = 9*t**2 - 7*t - 5 - 8*t**2 + t. Let v be b(6). Let w(s) = -3*s - 5. Determine w(v).
10
Let d(a) = -2*a - 1. Suppose -2*j + 4*j = 0. Let k be -5 - (j + 3)*-1. What is d(k)?
3
Let i(p) = p**3 - 5*p**2 - 2*p + 4. Let m be i(5). Let r(l) = l**3 + 6*l**2 - 4*l - 5. Give r(m).
19
Let d(v) be the third derivative of v**6/120 + v**5/12 + v**4/24 + v**3/2 + 2*v**2. Give d(-5).
-2
Let y(k) = -16*k + 3. Let o(v) = 24*v - 4. Let s(t) = -5*o(t) - 7*y(t). Let p be 1/(1 - (3 - 3)). What is s(p)?
-9
Let p(x) = -x**3 + 6*x**2 + 7*x - 9. Suppose -118 = -13*w - 27. Calculate p(w).
-9
Let s(p) = -p**3 - 5*p**2 - 3*p - 3. Let q = -1 + 28. Let v be ((-36)/q)/(2/6). Calculate s(v).
-7
Let a(f) be the second derivative of f**3/6 - 5*f**2/2 + 4*f. Give a(6).
1
Let k(z) = z**2 + 3*z + 3. Let w be ((-6)/9)/((-4)/(-42)). Let l = 3 + w. Determine k(l).
7
Let m(n) = -n**3 + 2*n**2 - n + 3. Let d(j) = 10*j - 7 + j**2 + j**2 - j**2 + j. Let g be d(-12). Suppose z - g + 2 = 0. Calculate m(z).
-9
Let d(g) = -6*g**2 + 3*g. Let v = -155 - -157. Give d(v).
-18
Let h(s) = -2*s - 6. Let y(r) = -3*r - 11. Let m(u) = 5*h(u) - 3*y(u). What is m(0)?
3
Let u be (-6)/(-15)*(-3 - 7). Let z(l) = 2*l. Give z(u).
-8
Let w(o) = -o**3 + 8*o**2 + 4. Let s be w(8). Let q(p) = -p**3 + p - 2*p + 5*p**2 + 4 - 2*p. Determine q(s).
8
Let f be (1 + -1)*(0 + -1). Suppose q = -4 - f. Let r(v) = v**2 - v. Let h(d) = 5*d + 6. Let b(t) = h(t) + r(t). Calculate b(q).
6
Let i = -15 + -13. Let s be 6/14 + 180/i. Let y(d) = -d**3 - 5*d**2 + 6*d - 4. Give y(s).
-4
Suppose -7 = 2*y - 3*d, 3*y + 0*d - 12 = -3*d. Let m be -4 - -1 - 0/y. Let h(o) = o. Give h(m).
-3
Suppose 39*w + 6 = 42*w. Let l(b) = -b - 2. Calculate l(w).
-4
Let c = -11 - -18. Let b be ((-2)/6)/(7/(-42)). Let u(k) = -c*k + 2*k + 3 + b*k. Determine u(3).
-6
Let x(z) = 10*z**2 - 5*z**2 - z + 0*z + z**3. Let v(m) = m**2 + 7*m + 5. Let b be v(-2). Calculate x(b).
5
Let z(l) be the third derivative of 0*l + 1/24*l**4 + 0 + 4*l**2 + 1/2*l**3. Give z(-4).
-1
Let m(n) = -5 - 3*n + 7352*n**2 - 7356*n**2 - 1 + n**3. Determine m(5).
4
Suppose -5*z = -5*g - 10, -g + z + 10 = -3*z. Suppose 4 = 3*s - j - 12, -10 = -2*s + j. Let o(k) = -9*k + s*k + 4*k + 1. Determine o(g).
-5
Let s(a) = 2*a - 6. Let u be 54/(-90) - ((-56)/10 + -2). Calculate s(u).
8
Let x be -1*1*-2 + 1. Let a(h) = h + 1. Let v(m) = -m - 4 + 3*m + 3 - m. Let g(o) = -a(o) + 2*v(o). Calculate g(x).
0
Let x(p) be the first derivative of p**2/2 + 2*p - 2. Let n(d) = -d**2 - 5*d + 3. Let w be n(-5). Suppose 5*a + 5*k - w = 7, 3*k - 10 = -4*a. Give x(a).
6
Suppose -4*x + o = x - 56, 60 = 4*x + 3*o. Suppose w - x = -3*w. Suppose 3*h - w*k - 2*k = -8, 3*k = -5*h - 2. Let q(d) = -3*d**2. Determine q(h).
-3
Let h(w) = -4*w**3 + 1. Let y be h(-1). Let t(d) = -d**2 + 4*d + 3. What is t(y)?
-2
Suppose -v = -2*f - 9, 0*v = -5*f - 2*v. Let t be -4*(2/f - 0). Let z(a) = 6*a**2 - 5*a**3 - t - 4*a + 4*a**3 + 4*a - 6*a. Determine z(5).
-9
Suppose 7*w = 3*w. Suppose -2*v + v = w. Let m(h) = -1 - h - 1 + v - h**2. Give m(2).
-8
Let u be 25/2*(-22)/(-110). Let o(k) be the first derivative of 1/4*k**4 - 2 - 4/3*k**3 - u*k**2 + 3*k. Calculate o(5).
3
Let q(w) be the first derivative of -7*w - 1/2*w**2 + 2. Let f = 2 - 5. Give q(f).
-4
Let d(w) = 6*w**2 + 3*w - 2. Let t be d(1). Let b(s) = s + 2. Give b(t).
9
Let s(f) = -f**2 + 7*f - 5. Suppose -4*h + 9*h - 10 = 0. Let k be 2 - (h + -4 + -2). Calculate s(k).
1
Suppose 0 = -0*w - w + 3. Let c(z) = -2. Let n(o) = -o - 1. Let m(k) = w*n(k) - 2*c(k). Determine m(-2).
7
Let q(o) = o - 2. Let v(m) = -m**2 + 5*m - 2. Let c be v(3). Let z = -6 - c. Let p = -5 - z. Determine q(p).
3
Let w(q) = -q**3 - 7*q**2 + 3. Let m = 69 - 37. Suppose m = -5*f - 3. Let s be w(f). Let a(n) = -n**3 + n**2 + 4*n. Determine a(s).
-6
Let v be (3/(-2))/((-15)/40). Suppose -f = -3*u + 2*f, v*u - 3 = 3*f. Let w(x) be the first derivative of x**2 + 3*x + 1. Calculate w(u).
9
Let x(c) = -2 - 3*c + 5*c - 1. What is x(4)?
5
Let n(h) = -2*h**2 + 2*h - 1. Suppose 4*u - 6 = -2. What is n(u)?
-1
Let l(w) be the first derivative of w**2 + 7*w - 26. Calculate l(-5).
-3
Let r = -46 - -43. Let k(c) = -c**3 - 3*c**2 - c + 3. Give k(r).
6
Let v(h) be the first derivative of h**4/4 - 7*h**3/3 + 5*h**2/2 - 3*h - 4. Let t be v(6). Let a = 7 + t. Let b(x) = -2*x**3 - 2*x**2 - 2*x - 3. What is b(a)?
9
Let z(a) be the first derivative of -a**2 - 5*a + 11. Calculate z(-6).
7
Let a(q) be the third derivative of q**5/20 + q**4/24 + q**3/6 - 11*q**2. What is a(-2)?
11
Let q(t) = t**2 - 5*t + 6. Let b be 1 + (1/(-1) - -2). Let l = 2 + b. Calculate q(l).
2
Suppose 0*s - 3*s = 0. Let d be (-15)/(s - -3) + 1. Let n(c) = -c - 1. What is n(d)?
3
Let y = 9 + -6. Let p be 3/((y + 0)/3). Suppose -3*b - m - 17 = 0, 4*b - p*m - 16 = 6*b. Let q(z) = -z - 9. Calculate q(b).
-4
Suppose 0 = 5*t - 26 + 1. Let w = t + -7. Let q(s) = -s**3 - 3*s**2 - s + 1. Calculate q(w).
-1
Suppose 0 = -3*v + 10 + 2. Let q = 4 + -2. Let b(o) = o + 3*o - o**3 + 2*o**2 + q*o**2 + 2 - 5*o. What is b(v)?
-2
Let s(f) be the second derivative of f**5/120 - f**4/12 - f**3/2 + 2*f. Let v(y) be the second derivative of s(y). Let i = 14 + -14. Give v(i).
-2
Let o(t) be the second derivative of t**5/20 - t**4/12 - 6*t. Calculate o(-1).
-2
Let n(c) = 17*c - 35*c + 5 + 20*c. Calculate n(-4).
-3
Let j(y) = -543*y**3 - y + 6 - 4*y**2 + 542*y**3 - y**2. What is j(-5)?
11
Let c be 1*(-2 + -2 + 6). Let p(q) = 235*q**c - 235*q**2 + 1 + 3*q**3. Determine p(-1).
-2
Suppose -5*t - 10 + 42 = 4*m, 2*t = -5*m + 23. Let p(j) = -5*j**2 + 2 + 4*j**m - 2*j**3 + 5*j - 3*j**3. Suppose 2*n - 6 = 3*n. Give p(n).
8
Let q be ((-15)/(-10))/((-6)/(-8)). Let r(k) = k**3 - 3*k**2 + 2*k + 2. Let d be r(q). Let u be d/6*(1 + 8). Let s(v) = -v**2 + 3*v - 4. What is s(u)?
-4
Let y(d) be the third derivative of -d**8/6720 + d**7/840 + d**6/180 - d**5/24 + d**4/12 + 6*d**2. Let o(k) be the second derivative of y(k). Give o(4).
-5
Let k be -4 + 6 + (0 - 0). Let i(h) = -3*h**3 - h**2 + 3*h. Let z(u) = -4*u**3 - 2*u**2 + 4*u - 1. Let v(b) = -3*i(b) + 2*z(b). Calculate v(k).
0
Let a(h) be the third derivative of -h**6/120 - h**5/15 + h**3/2 - 14*h**2. Let c(t) = -3*t - 2. Let v be c(-2). Suppose -v*d = -d + 9. Determine a(d).
-6
Let q(o) = 3*o**2 + 4*o**3 - 5*o**3 + 0*o**3 + 3*o + 1. Let p be 2/13 + (-400)/(-104). Determine q(p).
-3
Suppose -6*t + 8 = -4*t. Let u(c) = c**2 - c - 1. Let w(d) = 391 + 388 - 776 - 3*d**2. Let h(k) = t*u(k) + w(k). Determine h(3).
-4
Let q(x) = -2*x**2 + 15*x + 9. Let p be q(8). Let s(w) be the first derivative of w**3 + 0 + 1 + 0 - w. Give s(p).
2
Let k(n) = -2*n**2 + 3*n + 7. Let y(x) = 3*x**2 - 5*x - 10. Let a(j) = 7*k(j) + 5*y(j). Give a(6).
11
Let n(g) = -g**2 - 10*g + 9. Let u = 34 - 45. Determine n(u).
-2
Let s = 0 - 1. Let m be (0 - 1 - -1) + 0. Let x(i) = -1 + 4*i**2 - 4*i**2 + m*i**3 - 4*i**3. Determine x(s).
3
Let w(r) = -r + 4. Let n be w(8). Let z(p) = -2*p - 28*p**2 - 2 - p + 27*p**2. What is z(n)?
-6
Let m(z) = -4*z**3 + 3*z**2 - 2*z**2 + z + 3 - 2*z + 3*z**2. Let a(s) = -7*s**3 + 8*s**2 - 3*s + 6. Let f(x) = 3*a(x) - 5*m(x). Calculate f(2).
3
Let r(l) be the first derivative of l**2/2 - 2*l + 6. Give r(3).
1
Let y(m) = -m**3 - 5*m**2 - 5*m - 2. Suppose -2*a - 15 = -7*a. Suppose 4*f - 4*w + a = -13, 0 = 4*f + 2*w + 10. What is y(f)?
-5
Let c(w) = 5*w**